lculate the remainder when u is divided by 48.
47
Suppose 30*y - 696 = 22*y. Suppose 4*b - b - 24 = 0. What is the remainder when y is divided by b?
7
Let q = 312 - 448. What is the remainder when 53 is divided by (-51)/q - (567/(-24) + 2)?
9
Let z = -23 + 16. Let y be (((-48)/9)/(-4))/(58/(-1653)). What is the remainder when (-3)/((-12)/y)*(z + -3) is divided by 25?
20
Let r(x) = -x**2 + 5*x + 18. Let c be r(19). Calculate the remainder when (c/(-14))/(24/168) is divided by 21.
19
Let w(g) = 1271*g**2 + 92*g - 92. Calculate the remainder when w(1) is divided by 71.
64
Let f = 239 + -110. Suppose f = 9*a + 3. Let o(q) = 3*q**2 - 2*q - 3. Calculate the remainder when o(-4) is divided by a.
11
Suppose 78*u = 31*u - 423. Let q(p) = -29*p. Calculate the remainder when q(-2) is divided by (0 + -15)/((-19 - u)/10).
13
Let z(k) = 15*k + 779. What is the remainder when z(-40) is divided by 107?
72
Let m = 606 + -603. Suppose m*q - 5*h - 2413 = 0, -2*h - 2*h = 20. Calculate the remainder when q is divided by 57.
55
Let n = -1885 + 2101. Calculate the remainder when n is divided by 17.
12
Suppose 3*o - 22 = 8. Suppose -45 = 5*t - 2*m + o, -2*m = 4*t + 62. Let y = -2 - t. Calculate the remainder when y is divided by 1.
0
Suppose 0 = -d + 2*d - 1, s + 38 = 4*d. Let t = -22 - s. Let q = 60 - 13. What is the remainder when q is divided by t?
11
Let l = 199 - 66. What is the remainder when l is divided by 806 + -818 + 1 + 82?
62
Let q = 3748 + -3058. Calculate the remainder when q is divided by 116.
110
Suppose 8*d - 3*x - 30 = 6*d, -d + 20 = -4*x. Suppose -1134 = d*v - 26*v. Calculate the remainder when 643 is divided by v.
76
Suppose -51*h = 2*j - 54*h - 680, 2*h - 994 = -3*j. What is the remainder when j is divided by 42?
40
Suppose 4*g - 45*c - 56 = -49*c, 5*g - c = 64. Let l(t) = t + 38. Let n = -4 - -4. Calculate the remainder when l(n) is divided by g.
12
Let u be (0 - -1)*(-7 - (1 - 730)). Suppose 4*a - 3*a = -3*t - u, 4*t + 2*a = -962. Let l = -102 - t. Calculate the remainder when l is divided by 28.
27
Suppose 3*i - 5*i + 1086 = 2*n, -555 = -i + 2*n. Suppose 0 = 27*u - i - 1910. What is the remainder when 181 is divided by u?
90
Suppose 32*o + 2100 = 26*o. Let v = -241 - o. What is the remainder when v is divided by 38?
33
Suppose -6*s = -4*s - 4. Suppose s*j + 1 = -q, -5 = 3*q + 2*j + 6. What is the remainder when 35 is divided by -1*q/(20/36)?
8
Let x(k) be the second derivative of k**4/12 + k**2 + 4*k. Suppose 5*p = -3*j - 1 + 2, 2*p = 5*j - 43. Calculate the remainder when x(-5) is divided by j.
6
Suppose 58*v = 61*v - 1584. Suppose 81*y = 73*y + v. Calculate the remainder when 263 is divided by y.
65
Let r be (-52)/65 - (-2 + 12/(-15)). Suppose 5*q - 264 = -r*c, -7*q - 5*c - 146 = -10*q. What is the remainder when 674 is divided by q?
50
Let c be 4 + 326*(-4)/(-24)*3. Suppose -5*d + 11 = 1. Suppose -3*l - d = -c. Calculate the remainder when l is divided by 16.
7
Let y be (-210)/(-45) + (-4)/6. Suppose -3*l - 410 = -6*l - y*p, -5*l + 640 = -2*p. What is the remainder when l is divided by 46?
38
Let w = -3519 + 3530. Calculate the remainder when 3165 is divided by w.
8
Suppose 6*m + 6*m - 687 - 1497 = 0. What is the remainder when 318 is divided by m?
136
Suppose -5*y = 20*h - 25*h + 60, 2*h + 5*y + 18 = 0. What is the remainder when 2*-1 - (-24 - -3) is divided by h?
1
Suppose 15*r - 12*r = -87. Let x(y) = y**2 + 25*y - 95. What is the remainder when 47 is divided by x(r)?
5
Suppose -5*c - 3 = -88. Let o = 40 - 35. Calculate the remainder when c is divided by o.
2
Let o(s) = -6*s**3 + 3*s**2 + 6*s - 2. Let k(u) = -12*u**3 + 7*u**2 + 13*u - 4. Let t(h) = 4*k(h) - 9*o(h). What is the remainder when 199 is divided by t(2)?
49
Let m = 15711 + -10666. Suppose 55*a - m = -150. What is the remainder when a is divided by 23?
20
Let t be 64/30 - (19 - (-283)/(-15)). Let q(d) = -d**3 + 4*d**2 + 4*d - 4. Let a be q(5). Let u = t - a. What is the remainder when u is divided by 8?
3
Suppose 0 = 8*u - 32 - 352. Let y = 84 - u. Calculate the remainder when y is divided by 8.
4
Let h = -41 - -132. Suppose -f + 31 = -3*j + 4*j, -5*j + h = 3*f. What is the remainder when 59 is divided by f?
27
Let c = 17317 + -17200. Let b be (36/(-10))/((-15)/250). Suppose 2*x - 5*x + b = 0. Calculate the remainder when c is divided by x.
17
What is the remainder when 9745 is divided by (13/((-91)/(-28)) + -6)*(-38)/4?
17
Let w(j) = -287*j - 143. Let k be w(-7). Suppose k = 12*b - 3690. Calculate the remainder when b is divided by 58.
57
Let b(q) = -5*q**3 + 66*q**2 - 15*q + 6. Let z be b(13). What is the remainder when 23 is divided by (252/(-56))/(6/z)?
8
What is the remainder when 1023 is divided by (12/(-14))/(156/(-2548))?
1
Let x(c) = 4*c. Let j = 126 + -119. Suppose -4*b = d - 34, -2*d = -3*b - j*d + 17. Calculate the remainder when b is divided by x(1).
1
Let p be (-1)/(-4)*4*-63. Let x = p - -63. Suppose g + c - 51 - 81 = 0, -2*c = x. Calculate the remainder when g is divided by 19.
18
Let d(b) = 557*b - 725. Calculate the remainder when d(16) is divided by 35.
32
Let y(n) = 15*n + 106. Let s(f) = 14*f + 108. Let u(x) = 5*s(x) - 4*y(x). Calculate the remainder when 45 is divided by u(-10).
13
What is the remainder when 485 is divided by 7/((4/2)/(-4))*5/(-2)?
30
Let t(u) = 1. Let a(z) = -23*z**2 - z - 1. Let d(y) = -y**2 + 8. Let g be d(-3). Let v(c) = g*t(c) - a(c). Calculate the remainder when v(-1) is divided by 13.
9
Let g = 127 - 69. Suppose -11*y + 1162 = 711. Suppose g - y = r. Calculate the remainder when 23 is divided by r.
6
Let z(d) = 2*d**3 - 23*d**2 + 21*d - 17. Calculate the remainder when z(11) is divided by 2/13 - (-1240)/52.
21
Let v = -18 - -41. Let m be (-458)/(-18) - (-52)/(-117). Suppose -4*f + v = -m. Calculate the remainder when 69 is divided by f.
9
Suppose 5*g - 70 = -3*l - 21, 3*l = -2*g - 11. Let a = -5 - -14. What is the remainder when g is divided by a?
2
Let b = 17871 - 17745. What is the remainder when 197 is divided by b?
71
Let q(w) be the second derivative of w**5/10 + 15*w**4/4 + 2*w**3 + 55*w**2/2 - 93*w. What is the remainder when q(-22) is divided by 23?
22
Suppose 39 = 2*h + 9. Let a(b) be the third derivative of 7*b**5/15 - b**4/8 + 2*b**3/3 - 17*b**2 - 1. What is the remainder when a(1) is divided by h?
14
Suppose -141*v = -150*v + 27. Let t(h) = -31*h + 131. Calculate the remainder when t(v) is divided by 8.
6
Let d = 5451 - 5210. What is the remainder when 963 is divided by d?
240
Let j = 534 + -419. Suppose -29 - j = -2*u. Calculate the remainder when u is divided by 13.
7
Suppose 4*y - 276 = -2*c, -4*y - 739 = -3*c - 275. Calculate the remainder when c is divided by 78.
70
Let i = -7806 + 7878. Calculate the remainder when 570 is divided by i.
66
Let d(l) = 19*l - 6. Suppose -y + b + 22 = 0, -78 = -3*y - 51*b + 50*b. What is the remainder when d(4) is divided by y?
20
Let z be -1*0*2/6. Suppose -4*a = -s + 59, s + 4*a - 5*a - 53 = z. Calculate the remainder when 301 is divided by s.
46
Suppose -665*p + 664*p = -4. Suppose p*s + 10*z - 6*z = 52, 4*z = -16. Calculate the remainder when 183 is divided by s.
13
Let z be 44/55 - 352/(-10). Let l = z + -42. Let h(k) = k**3 + 7*k**2 + 5*k + 13. What is the remainder when h(l) is divided by 11?
8
Let s(n) = -5*n - 4. Let c(w) = 34*w + 9. Suppose 63*y = 64*y - 3. Calculate the remainder when c(y) is divided by s(-4).
15
Let s(v) = -21*v + 12. Let m(c) = -41*c + 23. Let z(j) = -6*m(j) + 11*s(j). What is the remainder when z(4) is divided by ((-4)/10)/(3/(-90))?
6
Let x be 0 - ((-40)/15)/(1/(-3)). Calculate the remainder when 29 is divided by (-9 - x)/(3/(-39)).
3
Let k(o) be the first derivative of 7*o**3/3 - 23*o**2/2 + o - 249. What is the remainder when 57 is divided by k(4)?
15
Let n be 2/8 + (-69330)/(-120). Suppose 571*u - n*u = -301. What is the remainder when u is divided by 101/9 - 2/9?
10
Let c(d) = -d**3 + 60*d**2 - 370*d + 95. Calculate the remainder when c(53) is divided by 8.
4
Let t(f) = -447*f - 14673. Let s = 18 - 6. Calculate the remainder when t(-33) is divided by s.
6
Suppose 2*a - 129 + 21 = 0. Let v(y) = y**2 - 42*y + 275. Let m be v(9). Let w = m + a. What is the remainder when w is divided by 12?
8
Suppose o + a - 833 = 6*a, 0 = -2*o + 2*a + 1706. Let k 